f 12966730?
9
What is the thousands digit of 2861615?
1
What is the tens digit of 2201821?
2
What is the thousands digit of 3156399?
6
What is the units digit of 388024?
4
What is the thousands digit of 677121?
7
What is the tens digit of 34500096?
9
What is the tens digit of 34848247?
4
What is the tens digit of 19166357?
5
What is the hundreds digit of 400654?
6
What is the thousands digit of 4792353?
2
What is the units digit of 474217?
7
What is the thousands digit of 3803202?
3
What is the ten thousands digit of 7466847?
6
What is the hundreds digit of 81260?
2
What is the thousands digit of 19677769?
7
What is the millions digit of 1786225?
1
What is the ten thousands digit of 8484880?
8
What is the thousands digit of 19074220?
4
What is the units digit of 3524756?
6
What is the millions digit of 2240937?
2
What is the thousands digit of 2399070?
9
What is the units digit of 483429?
9
What is the ten thousands digit of 2748185?
4
What is the ten millions digit of 10807071?
1
What is the units digit of 3822136?
6
What is the thousands digit of 446403?
6
What is the hundred thousands digit of 167809?
1
What is the hundreds digit of 534508?
5
What is the hundreds digit of 84498?
4
What is the units digit of 96373?
3
What is the hundreds digit of 5446696?
6
What is the tens digit of 6962007?
0
What is the tens digit of 217399?
9
What is the tens digit of 31201299?
9
What is the units digit of 175516?
6
What is the thousands digit of 7772011?
2
What is the ten thousands digit of 905002?
0
What is the ten thousands digit of 975268?
7
What is the units digit of 1687816?
6
What is the ten thousands digit of 4435521?
3
What is the thousands digit of 11510764?
0
What is the tens digit of 280265?
6
What is the millions digit of 8074272?
8
What is the hundreds digit of 13968180?
1
What is the hundred thousands digit of 3762936?
7
What is the hundreds digit of 87225?
2
What is the hundreds digit of 439214?
2
What is the ten thousands digit of 188804?
8
What is the millions digit of 18465832?
8
What is the tens digit of 1611952?
5
What is the units digit of 1367578?
8
What is the tens digit of 39147?
4
What is the tens digit of 4541916?
1
What is the units digit of 31628?
8
What is the hundred thousands digit of 4169567?
1
What is the ten thousands digit of 11891067?
9
What is the millions digit of 1247421?
1
What is the ten thousands digit of 385040?
8
What is the units digit of 221609?
9
What is the tens digit of 4082743?
4
What is the tens digit of 132012?
1
What is the ten thousands digit of 1335994?
3
What is the hundreds digit of 596272?
2
What is the hundreds digit of 13514592?
5
What is the ten thousands digit of 27984070?
8
What is the hundreds digit of 95295?
2
What is the thousands digit of 276292?
6
What is the ten thousands digit of 154703?
5
What is the thousands digit of 27747287?
7
What is the units digit of 188150?
0
What is the ten thousands digit of 199859?
9
What is the tens digit of 6093944?
4
What is the hundreds digit of 2854055?
0
What is the hundreds digit of 217923?
9
What is the thousands digit of 119467?
9
What is the ten thousands digit of 843549?
4
What is the millions digit of 1663216?
1
What is the millions digit of 1925035?
1
What is the millions digit of 7009169?
7
What is the hundred thousands digit of 8002558?
0
What is the hundreds digit of 29398?
3
What is the ten thousands digit of 2772430?
7
What is the tens digit of 272402?
0
What is the units digit of 2115257?
7
What is the hundreds digit of 138935?
9
What is the units digit of 70286?
6
What is the units digit of 74995?
5
What is the millions digit of 3804490?
3
What is the units digit of 23707343?
3
What is the hundreds digit of 4342817?
8
What is the thousands digit of 56300?
6
What is the thousands digit of 271703?
1
What is the tens digit of 1948727?
2
What is the tens digit of 30440695?
9
What is the hundred thousands digit of 1830340?
8
What is the units digit of 379366?
6
What is the thousands digit of 547501?
7
What is the millions digit of 1210967?
1
What is the thousands digit of 12394?
2
What is the ten thousands digit of 20079473?
7
What is the hundreds digit of 299386?
3
What is the hundred thousands digit of 5043616?
0
What is the millions digit of 23012087?
3
What is the thousands digit of 29920?
9
What is the hundreds digit of 109480?
4
What is the units digit of 679120?
0
What is the ten thousands digit of 4773611?
7
What is the units digit of 7145784?
4
What is the units digit of 71431?
1
What is the hundred thousands digit of 197900?
1
What is the ten thousands digit of 247015?
4
What is the tens digit of 314592?
9
What is the thousands digit of 252010?
2
What is the tens digit of 758741?
4
What is the hundred thousands digit of 1010681?
0
What is the thousands digit of 6577530?
7
What is the hundred thousands digit of 175875?
1
What is the millions digit of 11561404?
1
What is the hundreds digit of 108804?
8
What is the units digit of 21803680?
0
What is the millions digit of 1156228?
1
What is the tens digit of 18002650?
5
What is the hundreds digit of 2930167?
1
What is the hundreds digit of 71837?
8
What is the thousands digit of 4134931?
4
What is the hundred thousands digit of 369038?
3
What is the hundreds digit of 2431063?
0
What is the millions digit of 1576995?
1
What is the thousands digit of 237868?
7
What is the units digit of 172969?
9
What is the hundred thousands digit of 219815?
2
What is the hundred thousands digit of 4186747?
1
What is the thousands digit of 976512?
6
What is the units digit of 7075671?
1
What is the hundred thousands digit of 701681?
7
What is the thousands digit of 102949?
2
What is the thousands digit of 5324093?
4
What is the hundreds digit of 897312?
3
What is the units digit of 17271656?
6
What is the thousands digit of 829137?
9
What is the ten thousands digit of 23942?
2
What is the hundreds digit of 770120?
1
What is the thousands digit of 2722269?
2
What is the tens digit of 1326557?
5
What is the ten thousands digit of 132091?
3
What is the units digit of 12826944?
4
What is the thousands digit of 404265?
4
What is the units digit of 1532899?
9
What is the hundreds digit of 254932?
9
What is the tens digit of 16688745?
4
What is the units digit of 8260817?
7
What is the thousands digit of 9527636?
7
What is the units digit of 763960?
0
What is the hundreds digit of 4786713?
7
What is the thousands digit of 2851212?
1
What is the tens digit of 24743657?
5
What is the hundreds digit of 305622?
6
What is the thousands digit of 1599028?
9
What is the units digit of 29223763?
3
What is the tens digit of 7466?
6
What is the millions digit of 7423497?
7
What is the ten thousands digit of 422649?
2
What is the hundred thousands digit of 147842?
1
What is the thousands digit of 210585?
0
What is the ten thousands digit of 513381?
1
What is the ten thousands digit of 24411965?
1
What is the hundreds digit of 1822356?
3
What is the hundred thousands digit of 582181?
5
What is the tens digit of 1378767?
6
What is the tens digit of 1504989?
8
What is the ten thousands digit of 866837?
6
What is the tens digit of 742952?
5
What is the ten thousands digit of 465682?
6
What is the hundred thousands digit of 7581563?
5
What is the hundreds digit of 2170973?
9
What is the units digit of 116766?
6
What is the hundreds digit of 6848444?
4
What is the thousands digit of 512167?
2
What is the hundreds digit of 6149570?
5
What is the thousands digit of 4501904?
1
What is the units digit of 421544?
4
What is the units digit of 25856?
6
What is the hundreds digit of 1027215?
2
What is the hundred thousands digit of 308054?
3
What is the ten thousands digit of 1385196?
8
What is the millions digit of 28909632?
8
What is the thousands digit of 2895112?
5
What is the hundred thousands digit of 491386?
4
What is the thousands digit of 245186?
5
What is the tens digit of 398259?
5
What is the thousands digit of 336976?
6
What is the tens digit of 120433?
3
What is the units digit of 6368588?
8
What is the units digit of 144874?
4
What is the ten millions digit of 13615341?
1
What is the ten thousands digit of 7698455?
9
What is the hundreds digit of 5645519?
5
What is the thousands digit of 544547?
4
What is the ten mil